55258 and 14.
14
What is the highest common divisor of 7886515 and 91?
91
What is the greatest common divisor of 5153920 and 640?
640
Calculate the greatest common factor of 27669 and 1311.
69
Calculate the highest common divisor of 1651 and 1150493.
127
Calculate the highest common divisor of 3294 and 378.
54
What is the highest common divisor of 2187 and 28404?
27
What is the highest common divisor of 167832 and 2772?
252
Calculate the highest common divisor of 2830845 and 1230.
615
Calculate the greatest common factor of 20424 and 18.
6
Calculate the highest common divisor of 37 and 402893.
37
Calculate the greatest common factor of 1938 and 33972.
114
Calculate the highest common divisor of 40769 and 50443.
691
Calculate the highest common factor of 505 and 612969.
101
What is the greatest common factor of 3956 and 1794?
46
Calculate the highest common factor of 14591304 and 68.
68
Calculate the highest common factor of 21522 and 9792.
102
What is the highest common factor of 645 and 27305?
215
Calculate the greatest common factor of 4012 and 16.
4
Calculate the greatest common divisor of 244 and 541924.
244
Calculate the greatest common divisor of 24 and 103832.
8
Calculate the highest common divisor of 305915 and 119.
17
Calculate the greatest common factor of 26115 and 311639.
1741
Calculate the highest common divisor of 90 and 77760.
90
Calculate the highest common factor of 1406 and 36112.
74
What is the greatest common divisor of 2464 and 422752?
352
Calculate the greatest common factor of 70 and 823480.
70
Calculate the highest common factor of 132 and 5881964.
44
What is the highest common factor of 197241 and 3201?
33
Calculate the highest common divisor of 201515 and 82.
41
Calculate the highest common divisor of 294 and 96306.
42
Calculate the greatest common divisor of 186390 and 18.
18
Calculate the highest common factor of 20585 and 3401.
179
What is the greatest common factor of 332 and 21995?
83
Calculate the greatest common divisor of 4 and 11846.
2
What is the highest common factor of 147 and 19257?
147
Calculate the greatest common divisor of 33 and 4279.
11
What is the greatest common factor of 20992 and 1886?
82
Calculate the highest common divisor of 19101 and 33.
3
What is the highest common factor of 74 and 669182?
74
Calculate the highest common factor of 1011 and 3007051.
337
Calculate the greatest common factor of 222597 and 9.
9
What is the highest common factor of 234 and 22074?
78
Calculate the highest common divisor of 232 and 243368.
232
Calculate the greatest common divisor of 3565 and 1147.
31
Calculate the highest common divisor of 115 and 8.
1
Calculate the greatest common divisor of 338 and 11544.
26
Calculate the greatest common divisor of 33 and 1470194.
11
What is the greatest common factor of 2609274 and 10090?
2018
Calculate the greatest common factor of 69099 and 27.
3
Calculate the greatest common factor of 22700025 and 75.
75
Calculate the greatest common divisor of 1518 and 1881814.
506
What is the highest common factor of 1201155 and 120?
15
Calculate the highest common divisor of 2960 and 11920.
80
What is the highest common divisor of 2920 and 379965?
365
What is the highest common divisor of 3483 and 47902?
43
Calculate the greatest common divisor of 1315 and 100.
5
Calculate the highest common divisor of 337347 and 24.
3
Calculate the greatest common factor of 395762 and 2285.
457
Calculate the highest common factor of 282070 and 40.
10
What is the highest common factor of 2548 and 8092?
28
What is the greatest common divisor of 3792 and 13104?
48
Calculate the highest common factor of 2769 and 14484.
213
What is the greatest common divisor of 602669 and 529?
23
Calculate the greatest common divisor of 3583266 and 872.
218
What is the highest common factor of 29330 and 70?
70
What is the highest common divisor of 461400 and 8?
8
Calculate the highest common divisor of 550075 and 50.
25
What is the greatest common divisor of 282 and 340186?
94
Calculate the highest common factor of 39704 and 18536.
56
Calculate the highest common divisor of 2424 and 1274216.
808
What is the greatest common divisor of 1416343 and 433?
433
Calculate the highest common factor of 29 and 261841.
29
Calculate the highest common divisor of 28660 and 320.
20
Calculate the greatest common divisor of 1835 and 270.
5
What is the greatest common divisor of 32045 and 10?
5
What is the highest common factor of 276 and 10140?
12
Calculate the highest common factor of 11344 and 32.
16
Calculate the greatest common divisor of 3409494 and 66.
66
Calculate the highest common divisor of 21504 and 12.
12
What is the greatest common factor of 104 and 57005?
13
What is the highest common factor of 875 and 5285?
35
What is the greatest common divisor of 284 and 1156874?
142
What is the highest common factor of 1036 and 3402?
14
Calculate the highest common factor of 49920 and 20540.
260
What is the greatest common factor of 2686320 and 560?
560
Calculate the highest common factor of 76314 and 546.
42
Calculate the greatest common factor of 147764 and 1148.
164
What is the greatest common divisor of 160 and 9905920?
160
What is the highest common factor of 378 and 10458?
126
What is the greatest common factor of 3180 and 4530?
30
What is the greatest common divisor of 656 and 69208?
328
Calculate the greatest common factor of 56 and 86.
2
What is the highest common divisor of 34789 and 38?
19
What is the highest common divisor of 473 and 69617?
43
What is the greatest common divisor of 482 and 3856?
482
Calculate the highest common divisor of 15936 and 190568.
664
Calculate the highest common divisor of 5053 and 713.
31
What is the highest common divisor of 64818 and 15?
3
Calculate the greatest common divisor of 296 and 258001.
37
Calculate the highest common factor of 13589 and 381.
127
What is the highest common factor of 3838 and 17776?
202
Calculate the greatest common divisor of 3834 and 2414.
142
Calculate the highest common divisor of 400238 and 30052.
1366
Calculate the highest common factor of 42848 and 2080.
416
What is the greatest common divisor of 7 and 737?
1
What is the greatest common factor of 324580 and 45?
5
Calculate the greatest common divisor of 50239 and 28.
7
Calculate the greatest common divisor of 2977 and 1053.
13
Calculate the greatest common divisor of 1058 and 267858.
46
Calculate the greatest common divisor of 1680 and 6640.
80
What is the highest common factor of 4048 and 3312?
368
What is the highest common factor of 511 and 1434888?
511
What is the highest common divisor of 81215 and 29970?
185
Calculate the highest common divisor of 47530 and 2950.
10
Calculate the highest common divisor of 95 and 15547510.
95
Calculate the greatest common factor of 110928 and 288.
48
What is the highest common divisor of 17 and 2114?
1
Calculate the greatest common factor of 523 and 5062117.
523
What is the highest common divisor of 22420068 and 682?
682
Calculate the highest common divisor of 26 and 98280.
26
What is the highest common divisor of 1424 and 88466?
178
What is the highest common divisor of 5211 and 7527?
579
Calculate the greatest common divisor of 20 and 5832.
4
Calculate the greatest common factor of 502115 and 4660.
1165
Calculate the greatest common factor of 144 and 662448.
48
Calculate the highest common divisor of 685 and 14111.
137
What is the highest common factor of 2 and 90532?
2
What is the highest common divisor of 2506095 and 45?
45
What is the highest common divisor of 8836825 and 25?
25
Calculate the highest common divisor of 35 and 27601.
7
Calculate the greatest common divisor of 438 and 1100986.
146
What is the greatest common divisor of 294 and 57792?
42
Calculate the greatest common divisor of 1527480 and 2520.
360
What is the highest common factor of 428045 and 236?
59
What is the greatest common divisor of 272 and 1395241?
17
What is the greatest common divisor of 20 and 33260?
20
What is the highest common factor of 722 and 123310?
38
Calculate the greatest common divisor of 14479 and 1.
1
What is the greatest common divisor of 2738879 and 22?
11
What is the highest common divisor of 63 and 280763?
7
What is the highest common divisor of 62160 and 1280?
80
Calculate th